(c) = d*g(c) + 9*z(c). Calculate s(-4).
-4
Let i(v) = -v**2 - 4*v - 6. Suppose 0 = 7*b + 60 + 52. Let w = b - -12. What is i(w)?
-6
Let w(p) = 13 - p + 19 - p. Let b(g) = g - 13. Let m be (-1)/5 - 6/(-30) - -5. Let s(n) = m*w(n) + 12*b(n). Calculate s(-5).
-6
Let y(d) = d**2 - d - 1. Let i be 6*(-2)/(-6)*32. Let v = i + -62. Calculate y(v).
1
Let j(l) be the first derivative of -1/2*l**2 - 23 - 5*l. What is j(-6)?
1
Let j(m) be the first derivative of -m**3/3 - 13*m**2/2 + 3*m - 79. Give j(-6).
45
Let w(i) = -2*i + 580 + 583 - 1162. Calculate w(2).
-3
Let v(j) = -j**2 + j - 13. Let p(c) = 14*c - 70. Let h be p(5). Calculate v(h).
-13
Suppose 4*h - 8 = -4*r, 14*h - 4 = 16*h. Let i(p) = -5*p**2 + 2*p - 5 - 2*p**3 + 3*p**3 - 1. Calculate i(r).
-14
Let n(u) be the second derivative of -u**3/3 - 3*u**2/2 - 7*u. Suppose m + 3*h = -7, -7*m + 2*m - 35 = -3*h. What is n(m)?
11
Let p(x) = -2*x - 5. Let q be p(-4). Let m = q - -3. Let h(o) = -o**2 + o - o + 2*o + 6*o - 4. Give h(m).
8
Suppose -2*y - 5*c = -c + 8, 3*y = -2*c - 4. Let l(r) = -8*r - r**2 - 8 - r + y*r. Determine l(-9).
-8
Suppose 3*z - 2*p + 40 = 4*z, -1 = -p. Suppose 2*k = k - z. Let g = -32 - k. Let w(x) = -x**2 + 5*x + 2. Give w(g).
-4
Let x(n) = n**3 + 7*n**2 - 7*n + 4. Let i be ((-30)/(-21))/(1/7). Let y(d) = -3*d + 22. Let m be y(i). Determine x(m).
-4
Suppose -5*v + 0 = -20. Let p(i) = 2*i + 7*i + 3 - 8*i**2 + 7*i**2 - v*i. Give p(5).
3
Let x(s) = 6*s + 6. Let l = -194 - -188. Determine x(l).
-30
Let z(b) be the first derivative of -14*b**2 + 6*b**2 + 7*b**2 + 10. Calculate z(-3).
6
Let d(h) = -h - 18. Let r be d(-9). Let l(v) = -7*v**2 + 11 + 0*v - v - 4*v**2. Let a(x) = -5*x**2 - x + 5. Let y(z) = r*a(z) + 4*l(z). Give y(-4).
-5
Let r(b) be the first derivative of -3*b**2 - 7*b - 39. Calculate r(-3).
11
Let k(v) = -7*v**2 - 32*v - 3. Let l(y) = -y**2 - y. Let q(x) = -k(x) + 6*l(x). Calculate q(-26).
3
Suppose -a + 6 = 3*j, 0 = -2*a + j - 9. Let z(y) = -2*y**2 + 5*y + 4. Calculate z(a).
-29
Suppose -f = -5*j + 55, 26 = 3*j - 3*f + f. Suppose 25 = -4*i - 3*t, -2*i - 5*t + j = -3*i. Let u(s) = -s - 13. Determine u(i).
-6
Let u(p) be the third derivative of p**4/6 - p**3/2 - 131*p**2. Suppose -3*f + 3*l = -9, 2*f + 3*f - 13 = 3*l. Calculate u(f).
5
Let y = 61 + -56. Suppose -y = -4*m + 43. Let a(i) = -i**2 + 12*i + 3. Give a(m).
3
Let c(l) = -1 - l + 0*l + 14. Let r be (-4 + 9)*-12*(-3)/30. Give c(r).
7
Let h(v) = v**2 - 6*v - 5. Let p(g) = -2*g**2 + 3*g**2 + g + 5*g - 3. Let r be p(4). Suppose w - r = -10*o + 5*o, o = w + 5. Determine h(o).
2
Let y(s) = 6*s**2 + 4*s - 11. Let p(g) = -5*g**2 - 5*g + 11. Let u(z) = 5*p(z) + 4*y(z). Let w(v) = v**3 + 4*v**2 - 5*v - 11. Let d be w(-5). Calculate u(d).
-11
Let m be -1 + 3 - 1 - 3. Let c(w) = 2*w + 10. Let x(h) = 2*h + 9. Let b(u) = -2*c(u) + 3*x(u). Let q(k) = -2*k - 7. Let d(z) = m*b(z) - 3*q(z). What is d(-5)?
-3
Let v be (6 - 4 - 0)/(3 + -5). Let g(p) = 13*p**2 + 2*p + 1. What is g(v)?
12
Let k(y) = y**2 + 22 - 3*y - 50 + 25. Determine k(6).
15
Let z = -22 - -26. Let h(v) = -3*v**2 - z*v**2 - 7*v - v**2 + 7*v**2 - 5. Give h(-7).
-5
Let v(k) = -73*k**3 + 74*k**3 + 3*k - 14 - 4*k**2 + 9. Determine v(4).
7
Let k(u) = u - 2. Let g be ((0 - -4)/(36/27))/1. Let o be -4 + 5 - g - 1. Give k(o).
-5
Suppose n = 3*j - 9, -2*n = 7*j - 3*j - 12. Let s(t) be the second derivative of t**4/12 - 3*t**2 + t. Give s(n).
-6
Let m(z) = -z**3 - z**2 + z + 2. Let d be m(0). Let x(o) = -o**3 + 2*o**2 + o + 1. Let g be x(d). Let p(t) = -5*t - g - 2 + 3*t + 7. Give p(6).
-10
Let q(h) = h + 2. Suppose 7*i + 14 + 7 = 0. Calculate q(i).
-1
Let o(x) = 2*x - 8 + 0 + 2. Let f = 73 + -63. Suppose 17*p - f*p = 42. Calculate o(p).
6
Let b(p) = 2*p**3 + 10*p**2. Let g be b(-5). Let r(n) = -4*n - 15. Calculate r(g).
-15
Let r(b) be the third derivative of b**6/120 + b**5/15 + b**4/24 + b**3/6 + 9*b**2. What is r(-3)?
7
Suppose -l + 2*l - 3 = 0. Let a be l*-4*2/(-12). Let c(t) = -a*t - 4*t - t + 6*t. Give c(5).
-5
Let v(g) be the first derivative of 3*g**2/2 + 7*g - 45. Determine v(-4).
-5
Suppose -10*i = -6*i - 28. Suppose 4 = -i*f - 10. Let s(h) = 3*h**2 - 2*h. Give s(f).
16
Let i be 0 + 1 - (-5 + 1). Let c(j) = -i*j + j + 5*j**2 + j - j**3. Let l be 7/(-2)*(924/(-1274) + 2/13). Calculate c(l).
6
Let o(b) = b**2 - 6*b - 4. Let a(n) be the first derivative of n**3 - 3*n**2/2 - n - 209. Let k = 1 - 2. Let x be a(k). What is o(x)?
-9
Let v be 2/4 + (4/28)/(10/175). Let k(h) be the third derivative of -1/6*h**4 + 0 + h**2 + 1/2*h**3 - 1/120*h**6 + 1/20*h**5 + 0*h. Give k(v).
-9
Let z be 48/16*((-2)/6 + 1). Let g(u) = z + 4 + 0 - 2 - u. What is g(0)?
4
Suppose 0 = -12*v + 7*v - 40. Let c(y) = -y - 3. Let t be c(v). Let i(l) = 2*l**2 - 6*l + 5*l + t*l + 2. Calculate i(-3).
8
Let w(q) = q**3 + 8*q**2 + q. Suppose -5*t = -2*o + 3 + 33, -2*o = 4. Calculate w(t).
-8
Let z(b) be the second derivative of 0 + 5/6*b**3 + 26*b + 0*b**2. Calculate z(-1).
-5
Let b(k) = 19*k. Let g = -233 + 232. Give b(g).
-19
Suppose -5*q = -2*j + 2, 6 - 14 = -2*j + 2*q. Let y(s) = s**2 - 8*s + 17. Determine y(j).
5
Let s(g) = -26*g - 154. Let q be s(-6). Let z(i) be the first derivative of 2*i**q + 1/4*i**4 - 2*i - 2 - 5/3*i**3. Determine z(2).
-6
Let p(j) = j**3 - 3*j**2 + j + 4. Let a(y) = 3*y**3 - 6*y**2 + y + 8. Let n = -12 + 17. Let d(c) = n*p(c) - 2*a(c). Let t = 3 - 7. What is d(t)?
8
Let l(j) = j**3 - 4*j**2 + 13*j - 1. Let n(a) = 2*a**3 - 7*a**2 + 30*a - 3. Let y(o) = -5*l(o) + 2*n(o). Determine y(5).
-1
Let h(y) = 2*y - 6. Let n be ((-1)/2)/(51/(-306)). What is h(n)?
0
Suppose 2*y + 9 = -0*y - 3*w, w + 5 = -y. Let h(x) = -2*x - 9. Determine h(y).
3
Let m(u) = -u**3 - 15*u**2 - 13*u + 15. Suppose 0 = -2*z + 1684 - 1712. What is m(z)?
1
Let l = 21 - 22. Suppose 1 = -4*b + 9. Let a(o) = 3*o - 2*o**2 - b*o**3 - 2*o + 3*o**2. What is a(l)?
2
Let r = 2 - -1. Let b(a) = -14*a + 2. Let u(g) = -5*g + 1. Let k(v) = -b(v) + 4*u(v). Give k(r).
-16
Suppose 37*z - 103 - 156 = 0. Let h(i) = i**3 - 6*i**2 - 6*i + 4. Calculate h(z).
11
Let w(n) = -7*n + 19*n - 11*n - 1. Let f(m) = m - 7. Let s(z) = f(z) - 2*w(z). Suppose 0 = a + 3*a. Determine s(a).
-5
Let p(c) = 3 - 10 + 47*c + c**2 + 39*c - 98*c. Let z be p(13). Let y(h) = 2*h - 8. What is y(z)?
4
Let o(p) = 10*p**2 - p - 2. Let x be o(-1). Suppose 0 = 4*g + 7 + x. Let r(y) = 4 - 3 - y**2 - 2 - 5*y. Calculate r(g).
3
Let l(k) be the first derivative of 1/3*k**3 + 3/2*k**2 + 2*k - 1. Let z = 773 - 778. Give l(z).
12
Let b = -42 + 39. Let s(i) = -10*i**2 - 3 + 6*i**2 + 5*i**2. Determine s(b).
6
Let m = 34 - 30. Let a(h) = -m*h**2 - 3 - 5*h + 6*h + 4*h**3 + h - 3*h**3. Let u = -2 + 5. Give a(u).
-6
Let v(b) = -12*b**3 + b - 1. Suppose 36*u - 40*u + 56 = 0. Suppose 2*s + u = 16*s. Calculate v(s).
-12
Suppose -12 = -4*g - a, 12*g - 13*g - a = -3. Let k(z) = 3*z - 4. Calculate k(g).
5
Let f(g) = 2*g - 7. Let j be f(-7). Let w be (-132)/j - (-6)/(-21). Suppose l - 2*q = w, 2*l - l + 6 = -q. Let p(k) = -k**3 - 5*k**2 - 3*k - 1. What is p(l)?
-7
Suppose o = 3*o. Suppose -3*m + o*m = 4*j - 8, -2*j = 4*m + 6. Let w be (-10 - -12)/(m/(-10)). Let b(y) = -y**2 + 4*y + 6. What is b(w)?
1
Let x(t) be the first derivative of 1/4*t**4 + t - 7/3*t**3 + 39 + 7/2*t**2. Determine x(6).
7
Let v(n) = -n + 13. Suppose 5*i - 142 = 4*a + 202, a + 86 = 3*i. Let o = a - -93. Give v(o).
6
Let d(l) = 5*l + 13139*l**2 + 4 + 5*l - 13138*l**2. What is d(-8)?
-12
Let z(r) = -2*r**2 + 8*r - 1. Let d(c) = 4*c**2 - 16*c + 3. Let y(q) = 4*d(q) + 9*z(q). Let j(o) = -o**2 + 8*o - 6. Let m be j(6). Determine y(m).
-21
Suppose -3*o + 57 = 39. Let n(l) = l**3 - 6*l**2 + 2*l + 4. What is n(o)?
16
Let y be (-2)/(-6) - (-8)/3. Let v(h) = -4*h**3 + 25*h**2 - 35*h - 17. Let b(q) = -q**3 + 6*q**2 - 8*q - 4. Let a(r) = -9*b(r) + 2*v(r). Give a(y).
-1
Suppose -2*d + 2 = 0, 7 = 3*p - 8*d + 12*d. Let y(o) = -18*o. Determine y(p).
-18
Let i(j) be the second derivative of j**5/20 - 7*j**4/12 + 4*j**3/3 - 6*j**2 - 2*j - 598. Determine i(6).
0
Let c be ((-34)/(-3))/2 + 16/12. Let o(d) = -d**3 + 6*d**2 + 8*d - 6. Give o(c).
1
Let z(n) = -n**2 + 6*n - 4. Suppose 28 = 7*s - 3*s. Let u be ((-20)/(-15))/((-44)/(-36) + -1). Suppose 0 = s*w - u*w - 5. Calculate z(w).
1
Suppose 3*p + 3 = 3*g, 5*g + 2*p - 4*p = -10. Let